{"id":20821,"date":"2024-04-30T19:25:45","date_gmt":"2024-04-30T19:25:45","guid":{"rendered":"https:\/\/galeo.org\/sobre-nosotros\/personal-de-galeo\/ana-martinez\/"},"modified":"2024-05-31T14:22:06","modified_gmt":"2024-05-31T14:22:06","slug":"ana-martinez","status":"publish","type":"page","link":"https:\/\/galeo.org\/es\/sobre-nosotros\/personal-de-galeo\/ana-martinez\/","title":{"rendered":"Ana Mart\u00ednez"},"content":{"rendered":"\t\t<div data-elementor-type=\"wp-page\" data-elementor-id=\"20821\" class=\"elementor elementor-20821\" data-elementor-post-type=\"page\">\n\t\t\t\t<div class=\"elementor-element elementor-element-835be05 e-flex e-con-boxed e-con e-parent\" data-id=\"835be05\" data-element_type=\"container\" data-e-type=\"container\">\n\t\t\t\t\t<div class=\"e-con-inner\">\n\t\t\t\t<div class=\"elementor-element elementor-element-8c6cdd1 elementor-widget elementor-widget-heading\" data-id=\"8c6cdd1\" data-element_type=\"widget\" data-e-type=\"widget\" data-widget_type=\"heading.default\">\n\t\t\t\t\t<h2 class=\"elementor-heading-title elementor-size-default\">Ana Mart\u00ednez  <\/h2>\t\t\t\t<\/div>\n\t\t\t\t\t<\/div>\n\t\t\t\t<\/div>\n\t\t<div class=\"elementor-element elementor-element-c413199 e-flex e-con-boxed e-con e-parent\" data-id=\"c413199\" data-element_type=\"container\" data-e-type=\"container\">\n\t\t\t\t\t<div class=\"e-con-inner\">\n\t\t\t\t<div class=\"elementor-element elementor-element-39c10ee elementor-widget elementor-widget-heading\" data-id=\"39c10ee\" data-element_type=\"widget\" data-e-type=\"widget\" data-widget_type=\"heading.default\">\n\t\t\t\t\t<h2 class=\"elementor-heading-title elementor-size-default\">Coordinadora del Programa de Comunicaciones  <\/h2>\t\t\t\t<\/div>\n\t\t\t\t\t<\/div>\n\t\t\t\t<\/div>\n\t\t<div class=\"elementor-element elementor-element-179a21d e-flex e-con-boxed e-con e-parent\" data-id=\"179a21d\" data-element_type=\"container\" data-e-type=\"container\">\n\t\t\t\t\t<div class=\"e-con-inner\">\n\t\t\t\t<div class=\"elementor-element elementor-element-dce31de elementor-view-default elementor-widget elementor-widget-icon\" data-id=\"dce31de\" data-element_type=\"widget\" data-e-type=\"widget\" data-widget_type=\"icon.default\">\n\t\t\t\t\t\t\t<div class=\"elementor-icon-wrapper\">\n\t\t\t<a class=\"elementor-icon\" href=\"mailto:%20amartinez@galeo.org\" target=\"_blank\">\n\t\t\t<svg aria-hidden=\"true\" class=\"e-font-icon-svg e-far-envelope\" viewBox=\"0 0 512 512\" xmlns=\"http:\/\/www.w3.org\/2000\/svg\"><path d=\"M464 64H48C21.49 64 0 85.49 0 112v288c0 26.51 21.49 48 48 48h416c26.51 0 48-21.49 48-48V112c0-26.51-21.49-48-48-48zm0 48v40.805c-22.422 18.259-58.168 46.651-134.587 106.49-16.841 13.247-50.201 45.072-73.413 44.701-23.208.375-56.579-31.459-73.413-44.701C106.18 199.465 70.425 171.067 48 152.805V112h416zM48 400V214.398c22.914 18.251 55.409 43.862 104.938 82.646 21.857 17.205 60.134 55.186 103.062 54.955 42.717.231 80.509-37.199 103.053-54.947 49.528-38.783 82.032-64.401 104.947-82.653V400H48z\"><\/path><\/svg>\t\t\t<\/a>\n\t\t<\/div>\n\t\t\t\t\t\t<\/div>\n\t\t\t\t\t<\/div>\n\t\t\t\t<\/div>\n\t\t<div class=\"elementor-element elementor-element-449b8e5 e-flex e-con-boxed e-con e-parent\" data-id=\"449b8e5\" data-element_type=\"container\" data-e-type=\"container\">\n\t\t\t\t\t<div class=\"e-con-inner\">\n\t\t<div class=\"elementor-element elementor-element-0beea9d e-con-full e-flex e-con e-child\" data-id=\"0beea9d\" data-element_type=\"container\" data-e-type=\"container\">\n\t\t\t\t<div class=\"elementor-element elementor-element-b0a627d elementor-widget elementor-widget-text-editor\" data-id=\"b0a627d\" data-element_type=\"widget\" data-e-type=\"widget\" data-widget_type=\"text-editor.default\">\n\t\t\t\t\t\t\t\t\t<p>Ana creci\u00f3 en Gainesville, GA, con padres inmigrantes de M\u00e9xico. Se licenci\u00f3 en Comunicaci\u00f3n con especializaci\u00f3n en Periodismo Multimedia por la Universidad del Norte de Georgia. Es la \u00fanica de toda su familia que se gradu\u00f3 en la universidad. Se incorpor\u00f3 a GALEO como encuestadora en octubre de 2022 y se convirti\u00f3 en Coordinadora del Programa de Comunicaciones de GALEO en abril de 2024.<\/p>\n<p>Le encanta vivir la vida a trav\u00e9s de experiencias y conocer gente nueva porque cree que todo el mundo tiene una historia que contar. Le gusta pensar que todo ocurre como tiene que ocurrir, as\u00ed que disfruta del camino y no se estresa. Le encanta pasar tiempo con la familia y los amigos, hacer actividades al aire libre, hacer ejercicio y trabajar en s\u00ed misma. Los libros de superaci\u00f3n personal son sus favoritos, pero si tienes alg\u00fan buen libro que quieras presentarle, \u00a1ven a dec\u00edrselo o a darle una sorpresa!  <\/p>\n\t\t\t\t\t\t\t\t<\/div>\n\t\t\t\t<\/div>\n\t\t<div class=\"elementor-element elementor-element-73f42d9 e-con-full e-flex e-con e-child\" data-id=\"73f42d9\" data-element_type=\"container\" data-e-type=\"container\">\n\t\t\t\t<div class=\"elementor-element elementor-element-29fa092 elementor-widget elementor-widget-image\" data-id=\"29fa092\" data-element_type=\"widget\" data-e-type=\"widget\" data-widget_type=\"image.default\">\n\t\t\t\t\t\t\t\t\t\t\t\t\t\t\t<img fetchpriority=\"high\" decoding=\"async\" width=\"683\" height=\"1024\" src=\"https:\/\/galeo.org\/wp-content\/uploads\/2024\/04\/image0-683x1024.jpeg\" class=\"attachment-large size-large wp-image-20564\" alt=\"\" srcset=\"https:\/\/galeo.org\/wp-content\/uploads\/2024\/04\/image0-683x1024.jpeg 683w, https:\/\/galeo.org\/wp-content\/uploads\/2024\/04\/image0-scaled-600x900.jpeg 600w, https:\/\/galeo.org\/wp-content\/uploads\/2024\/04\/image0-200x300.jpeg 200w, https:\/\/galeo.org\/wp-content\/uploads\/2024\/04\/image0-768x1152.jpeg 768w, https:\/\/galeo.org\/wp-content\/uploads\/2024\/04\/image0-1024x1536.jpeg 1024w, https:\/\/galeo.org\/wp-content\/uploads\/2024\/04\/image0-1365x2048.jpeg 1365w, https:\/\/galeo.org\/wp-content\/uploads\/2024\/04\/image0-scaled.jpeg 1706w\" sizes=\"(max-width: 683px) 100vw, 683px\" \/>\t\t\t\t\t\t\t\t\t\t\t\t\t\t\t<\/div>\n\t\t\t\t<\/div>\n\t\t\t\t\t<\/div>\n\t\t\t\t<\/div>\n\t\t\t\t<\/div>\n\t\t","protected":false},"excerpt":{"rendered":"<p>Ana Mart\u00ednez Coordinadora del Programa de Comunicaciones Ana creci\u00f3 en Gainesville, GA, con padres inmigrantes de M\u00e9xico. Se licenci\u00f3 en Comunicaci\u00f3n con especializaci\u00f3n en Periodismo Multimedia por la Universidad del Norte de Georgia. Es la \u00fanica de toda su familia que se gradu\u00f3 en la universidad. Se incorpor\u00f3 a GALEO como encuestadora en octubre de [&hellip;]<\/p>\n","protected":false},"author":9,"featured_media":0,"parent":1896,"menu_order":0,"comment_status":"closed","ping_status":"closed","template":"","meta":{"sfsi_plus_gutenberg_text_before_share":"","sfsi_plus_gutenberg_show_text_before_share":"","sfsi_plus_gutenberg_icon_type":"","sfsi_plus_gutenberg_icon_alignemt":"","sfsi_plus_gutenburg_max_per_row":"","om_disable_all_campaigns":false,"_monsterinsights_skip_tracking":false,"_monsterinsights_sitenote_active":false,"_monsterinsights_sitenote_note":"","_monsterinsights_sitenote_category":0,"footnotes":""},"class_list":["post-20821","page","type-page","status-publish","hentry"],"aioseo_notices":[],"_links":{"self":[{"href":"https:\/\/galeo.org\/es\/wp-json\/wp\/v2\/pages\/20821","targetHints":{"allow":["GET"]}}],"collection":[{"href":"https:\/\/galeo.org\/es\/wp-json\/wp\/v2\/pages"}],"about":[{"href":"https:\/\/galeo.org\/es\/wp-json\/wp\/v2\/types\/page"}],"author":[{"embeddable":true,"href":"https:\/\/galeo.org\/es\/wp-json\/wp\/v2\/users\/9"}],"replies":[{"embeddable":true,"href":"https:\/\/galeo.org\/es\/wp-json\/wp\/v2\/comments?post=20821"}],"version-history":[{"count":1,"href":"https:\/\/galeo.org\/es\/wp-json\/wp\/v2\/pages\/20821\/revisions"}],"predecessor-version":[{"id":20824,"href":"https:\/\/galeo.org\/es\/wp-json\/wp\/v2\/pages\/20821\/revisions\/20824"}],"up":[{"embeddable":true,"href":"https:\/\/galeo.org\/es\/wp-json\/wp\/v2\/pages\/1896"}],"wp:attachment":[{"href":"https:\/\/galeo.org\/es\/wp-json\/wp\/v2\/media?parent=20821"}],"curies":[{"name":"wp","href":"https:\/\/api.w.org\/{rel}","templated":true}]}}

Ana Martínez

<div data-elementor-type="wp-page" data-elementor-id="20821" class="elementor elementor-20821" data-elementor-post-type="page">
				<div class="elementor-element elementor-element-835be05 e-flex e-con-boxed e-con e-parent" data-id="835be05" data-element_type="container" data-e-type="container">
					<div class="e-con-inner">
				<div class="elementor-element elementor-element-8c6cdd1 elementor-widget elementor-widget-heading" data-id="8c6cdd1" data-element_type="widget" data-e-type="widget" data-widget_type="heading.default">
					<h2 class="elementor-heading-title elementor-size-default">Ana Martínez  </h2>				</div>
					</div>
				</div>
		<div class="elementor-element elementor-element-c413199 e-flex e-con-boxed e-con e-parent" data-id="c413199" data-element_type="container" data-e-type="container">
					<div class="e-con-inner">
				<div class="elementor-element elementor-element-39c10ee elementor-widget elementor-widget-heading" data-id="39c10ee" data-element_type="widget" data-e-type="widget" data-widget_type="heading.default">
					<h2 class="elementor-heading-title elementor-size-default">Coordinadora del Programa de Comunicaciones  </h2>				</div>
					</div>
				</div>
		<div class="elementor-element elementor-element-179a21d e-flex e-con-boxed e-con e-parent" data-id="179a21d" data-element_type="container" data-e-type="container">
					<div class="e-con-inner">
				<div class="elementor-element elementor-element-dce31de elementor-view-default elementor-widget elementor-widget-icon" data-id="dce31de" data-element_type="widget" data-e-type="widget" data-widget_type="icon.default">
							<div class="elementor-icon-wrapper">
			<a class="elementor-icon" href="mailto:%20amartinez@galeo.org" target="_blank">
			<svg aria-hidden="true" class="e-font-icon-svg e-far-envelope" viewBox="0 0 512 512" xmlns="http://www.w3.org/2000/svg"><path d="M464 64H48C21.49 64 0 85.49 0 112v288c0 26.51 21.49 48 48 48h416c26.51 0 48-21.49 48-48V112c0-26.51-21.49-48-48-48zm0 48v40.805c-22.422 18.259-58.168 46.651-134.587 106.49-16.841 13.247-50.201 45.072-73.413 44.701-23.208.375-56.579-31.459-73.413-44.701C106.18 199.465 70.425 171.067 48 152.805V112h416zM48 400V214.398c22.914 18.251 55.409 43.862 104.938 82.646 21.857 17.205 60.134 55.186 103.062 54.955 42.717.231 80.509-37.199 103.053-54.947 49.528-38.783 82.032-64.401 104.947-82.653V400H48z"></path></svg>			</a>
		</div>
						</div>
					</div>
				</div>
		<div class="elementor-element elementor-element-449b8e5 e-flex e-con-boxed e-con e-parent" data-id="449b8e5" data-element_type="container" data-e-type="container">
					<div class="e-con-inner">
		<div class="elementor-element elementor-element-0beea9d e-con-full e-flex e-con e-child" data-id="0beea9d" data-element_type="container" data-e-type="container">
				<div class="elementor-element elementor-element-b0a627d elementor-widget elementor-widget-text-editor" data-id="b0a627d" data-element_type="widget" data-e-type="widget" data-widget_type="text-editor.default">
									<p>Ana creció en Gainesville, GA, con padres inmigrantes de México. Se licenció en Comunicación con especialización en Periodismo Multimedia por la Universidad del Norte de Georgia. Es la única de toda su familia que se graduó en la universidad. Se incorporó a GALEO como encuestadora en octubre de 2022 y se convirtió en Coordinadora del Programa de Comunicaciones de GALEO en abril de 2024.</p>
<p>Le encanta vivir la vida a través de experiencias y conocer gente nueva porque cree que todo el mundo tiene una historia que contar. Le gusta pensar que todo ocurre como tiene que ocurrir, así que disfruta del camino y no se estresa. Le encanta pasar tiempo con la familia y los amigos, hacer actividades al aire libre, hacer ejercicio y trabajar en sí misma. Los libros de superación personal son sus favoritos, pero si tienes algún buen libro que quieras presentarle, ¡ven a decírselo o a darle una sorpresa!  </p>
								</div>
				</div>
		<div class="elementor-element elementor-element-73f42d9 e-con-full e-flex e-con e-child" data-id="73f42d9" data-element_type="container" data-e-type="container">
				<div class="elementor-element elementor-element-29fa092 elementor-widget elementor-widget-image" data-id="29fa092" data-element_type="widget" data-e-type="widget" data-widget_type="image.default">
															<img fetchpriority="high" decoding="async" width="683" height="1024" src="https://galeo.org/wp-content/uploads/2024/04/image0-683x1024.jpeg" class="attachment-large size-large wp-image-20564" alt="" srcset="https://galeo.org/wp-content/uploads/2024/04/image0-683x1024.jpeg 683w, https://galeo.org/wp-content/uploads/2024/04/image0-scaled-600x900.jpeg 600w, https://galeo.org/wp-content/uploads/2024/04/image0-200x300.jpeg 200w, https://galeo.org/wp-content/uploads/2024/04/image0-768x1152.jpeg 768w, https://galeo.org/wp-content/uploads/2024/04/image0-1024x1536.jpeg 1024w, https://galeo.org/wp-content/uploads/2024/04/image0-1365x2048.jpeg 1365w, https://galeo.org/wp-content/uploads/2024/04/image0-scaled.jpeg 1706w" sizes="(max-width: 683px) 100vw, 683px" />															</div>
				</div>
					</div>
				</div>
				</div>

<p>Ana Martínez Coordinadora del Programa de Comunicaciones Ana creció en Gainesville, GA, con padres inmigrantes de México. Se licenció en Comunicación con especialización en Periodismo Multimedia por la Universidad del Norte de Georgia. Es la única de toda su familia que se graduó en la universidad. Se incorporó a GALEO como encuestadora en octubre de [&hellip;]</p>
